te the highest common factor of 520 and 77480.
520
What is the greatest common factor of 2755 and 31001?
29
Calculate the highest common factor of 14202 and 37346.
526
Calculate the greatest common factor of 203 and 1539349.
203
Calculate the greatest common divisor of 1396 and 864.
4
What is the greatest common divisor of 68510 and 33046?
806
Calculate the greatest common divisor of 76032 and 1440.
288
What is the greatest common factor of 374 and 9482?
22
Calculate the greatest common divisor of 19147 and 159247.
467
What is the highest common divisor of 51 and 73083?
51
Calculate the greatest common divisor of 14300 and 4900.
100
What is the highest common divisor of 276 and 258?
6
Calculate the highest common divisor of 427 and 119987.
427
Calculate the highest common factor of 6 and 9682.
2
What is the greatest common divisor of 369874 and 2422?
346
Calculate the highest common factor of 3836 and 35665.
7
Calculate the greatest common factor of 889 and 1603.
7
What is the highest common factor of 5634 and 355881?
939
Calculate the greatest common divisor of 9 and 628713.
9
What is the highest common factor of 644 and 19376?
28
What is the highest common factor of 1061698 and 66?
22
What is the highest common divisor of 92 and 815603?
23
What is the highest common divisor of 1638 and 192360?
42
What is the greatest common factor of 27683 and 235?
47
What is the highest common factor of 22375 and 5?
5
Calculate the highest common factor of 28906 and 1552.
194
Calculate the greatest common divisor of 1904 and 25942.
238
Calculate the highest common factor of 3875 and 125.
125
Calculate the greatest common factor of 8004 and 48.
12
Calculate the greatest common divisor of 1030376 and 28379.
2183
What is the highest common factor of 148 and 560661?
37
What is the highest common divisor of 232725 and 10?
5
Calculate the highest common divisor of 108 and 2688.
12
What is the greatest common divisor of 85 and 40817?
17
Calculate the greatest common factor of 438073 and 1059.
353
Calculate the highest common divisor of 806 and 6656.
26
Calculate the greatest common divisor of 18 and 8017686.
18
Calculate the greatest common divisor of 72389 and 379.
379
Calculate the greatest common divisor of 4234 and 26134.
146
What is the highest common divisor of 64 and 3159488?
64
Calculate the greatest common divisor of 3587662 and 2236.
1118
Calculate the greatest common divisor of 146736 and 80.
16
What is the greatest common divisor of 30311 and 527?
17
Calculate the greatest common factor of 18232 and 258.
86
What is the greatest common divisor of 9342 and 486?
54
Calculate the greatest common factor of 255186 and 81.
9
What is the greatest common divisor of 5008322 and 88?
22
What is the highest common factor of 975 and 71240?
65
What is the highest common factor of 1239 and 6149157?
1239
What is the greatest common factor of 169717 and 29187?
1081
What is the greatest common divisor of 102257 and 293?
293
Calculate the greatest common divisor of 7845 and 3405.
15
What is the highest common divisor of 2664 and 11063?
37
What is the greatest common divisor of 1392 and 474?
6
Calculate the greatest common divisor of 697 and 1649.
17
Calculate the greatest common factor of 25193 and 221781.
413
Calculate the greatest common divisor of 3099 and 159.
3
What is the highest common divisor of 19499 and 3689?
527
Calculate the greatest common factor of 2909621 and 143.
143
Calculate the greatest common factor of 386 and 453357.
193
Calculate the highest common divisor of 2482 and 51.
17
Calculate the greatest common factor of 141288 and 58.
58
Calculate the greatest common factor of 3752 and 3092586.
938
Calculate the highest common factor of 984 and 91840.
328
What is the highest common factor of 1846 and 476086?
26
Calculate the greatest common factor of 2392 and 10281.
23
Calculate the greatest common factor of 1147 and 61864.
37
What is the highest common divisor of 5952 and 6882?
186
Calculate the greatest common factor of 31077 and 567.
27
Calculate the greatest common factor of 23811 and 24.
3
Calculate the greatest common divisor of 2 and 42956.
2
What is the greatest common divisor of 6611 and 143?
11
What is the greatest common factor of 12 and 40900?
4
What is the greatest common divisor of 61759 and 151?
151
What is the highest common factor of 26 and 541034?
26
What is the greatest common divisor of 132 and 75372?
132
Calculate the greatest common divisor of 52 and 18382.
26
Calculate the greatest common divisor of 2026357 and 1964.
491
Calculate the highest common divisor of 202147 and 1863.
23
Calculate the highest common factor of 1917 and 852.
213
Calculate the highest common factor of 6855 and 150.
15
Calculate the highest common divisor of 1 and 337.
1
What is the greatest common divisor of 700 and 3262?
14
What is the highest common divisor of 285 and 9481?
19
What is the greatest common divisor of 337 and 1001227?
337
What is the greatest common factor of 286 and 201916?
286
What is the highest common factor of 704 and 132?
44
What is the highest common divisor of 1592 and 528?
8
Calculate the greatest common divisor of 1 and 92593.
1
Calculate the greatest common factor of 188 and 222122.
94
What is the greatest common divisor of 39393 and 513?
27
Calculate the highest common divisor of 21636 and 36.
36
Calculate the greatest common divisor of 12 and 4192.
4
What is the highest common factor of 961 and 1333?
31
Calculate the greatest common factor of 130 and 36430.
10
What is the greatest common factor of 5205 and 1845?
15
What is the highest common divisor of 12 and 867978?
6
Calculate the greatest common factor of 7821 and 3366.
99
Calculate the greatest common factor of 2008378 and 254.
254
Calculate the greatest common divisor of 5673 and 35743.
31
Calculate the highest common divisor of 275 and 264.
11
What is the highest common divisor of 31380 and 2240?
20
What is the highest common divisor of 2484402 and 361?
361
What is the greatest common divisor of 3379103 and 91?
91
Calculate the greatest common divisor of 30880 and 800.
160
Calculate the greatest common divisor of 506771 and 4613.
659
What is the highest common factor of 18426 and 170814?
498
Calculate the highest common factor of 168 and 74634.
42
What is the greatest common divisor of 983386 and 666?
74
Calculate the highest common divisor of 31353 and 56.
7
What is the greatest common factor of 1256757 and 8283?
753
What is the greatest common factor of 380531 and 776?
97
What is the highest common factor of 53956 and 752?
188
What is the greatest common factor of 27 and 86607?
9
Calculate the highest common factor of 44331 and 42.
21
What is the greatest common factor of 12928 and 202?
202
What is the highest common divisor of 485 and 14335?
5
Calculate the highest common factor of 4173193 and 37.
37
Calculate the greatest common divisor of 6720 and 1148.
28
What is the highest common divisor of 93 and 8643?
3
What is the greatest common factor of 18 and 697878?
18
Calculate the highest common factor of 3977 and 41.
41
Calculate the greatest common factor of 1092 and 7867860.
1092
What is the greatest common factor of 35 and 92645?
35
What is the greatest common factor of 4420 and 28?
4
What is the greatest common divisor of 39837 and 3381?
147
Calculate the greatest common factor of 319 and 22209.
11
Calculate the greatest common factor of 196422 and 114.
114
What is the highest common factor of 1451070 and 1800?
90
What is the highest common divisor of 683697 and 147?
147
What is the highest common factor of 9 and 6179310?
9
What is the highest common divisor of 24854 and 82365?
289
What is the greatest common factor of 312 and 19320?
24
Calculate the highest common divisor of 925 and 23495.
185
Calculate the greatest common factor of 3091 and 107904.
281
What is the highest common factor of 44 and 143696?
4
Calculate the greatest common factor of 23834 and 119.
17
Calculate the greatest common divisor of 6 and 365142.
6
What is the greatest common factor of 686617 and 446?
223
Calculate the highest common factor of 1238 and 86.
2
What is the highest common factor of 581 and 11288?
83
What is the highest common divisor of 4 and 50476?
4
Calculate the highest common f